0*r**2 - 22*r + 26. Let d be z(m). Suppose 39 = 11*v - d. What is the units digit of v?
4
Suppose 1853 = -16*y + 253. Let q = y - -371. What is the hundreds digit of q?
2
Suppose -2*z = 5*k - 73367, z - 3*k - 1386 - 35270 = 0. What is the ten thousands digit of z?
3
Suppose -3*j + 136430 = 5*p, 0 = -5*p + 3*j + 109306 + 27124. What is the thousands digit of p?
7
Suppose -4*a = -3*a + q - 333, -5*a + 1677 = q. Suppose -4*i - 4*l = -a, i + 6*l = 2*l + 75. What is the units digit of i + (4 - 4) + 4?
1
Let w(g) = g**3 + 15*g**2 - 36*g - 37. Let j be w(-17). What is the hundreds digit of (-1)/j + 683/3?
2
Let o(j) = j**3 + 8*j**2 - j - 1. Let x be o(-6). Suppose m + 119 = -x. Let c = m + 318. What is the units digit of c?
2
What is the ten thousands digit of (3061968/637)/((-6)/(-28))?
2
Suppose 0 = -k + 226 - 42. Suppose 3*r = 2*c + 378, 2*r - k = -2*c + 58. What is the units digit of r?
4
Let b = -18 - 19. Let p = -4 - b. What is the units digit of 11/p + 140/3?
7
Suppose -v + 33 = f - 57, 0 = -2*v + 3*f + 180. Suppose 0 = -2*q + 2 + 8, 0 = -4*o - 4*q - 240. Let p = v + o. What is the tens digit of p?
2
Let m = -28274 - -39699. What is the units digit of m?
5
Let v be (-37 - -17)/(3/(9/6)). What is the units digit of 360 - (v + 12)/(1/2)?
6
Let t(o) = o**2 + 135*o + 760. What is the hundreds digit of t(0)?
7
Let b be 54*(0 + 20/3). Suppose 3*w + 176 = -35*h + 34*h, 2*w = -3*h - 563. Let i = b + h. What is the hundreds digit of i?
1
Suppose 509 = 6*o - 733. Let z = 418 - o. What is the tens digit of z?
1
Let o = 905 + -1294. Let c = o + 419. What is the units digit of c?
0
Let s be (-217998)/(-216) - ((-6)/8)/1. Suppose 0 = 2*t - 4*p - s, -17*t + p = -15*t - 1016. What is the hundreds digit of t?
5
Suppose 3 - 12 = -3*x. Let h be 32/6 + -5 - (-11)/x. What is the tens digit of 14/(-3 - (-14)/h)?
2
Let l(r) be the third derivative of -13*r**6/60 - 2*r**5/5 + r**4/8 - r**3/3 - 119*r**2. What is the units digit of l(-3)?
5
Let r = -642 - -1853. Let q = 341 + r. What is the tens digit of q?
5
Let f(j) = -3*j + 153. Let t(k) = -6*k + 458. Let u(v) = -7*f(v) + 2*t(v). What is the hundreds digit of u(32)?
1
Let y = -76 - -129. Let z = -44 + y. Suppose z*v + 5*r - 495 = 4*v, -3*v = 5*r - 287. What is the hundreds digit of v?
1
Let i(d) = d**3 - 7*d**2 + 8*d - 1. Let y be i(6). Let g = y + -14. What is the units digit of 85 + g*(-3)/(-9)?
4
Suppose -363960 = -694*m + 670*m. What is the ten thousands digit of m?
1
Suppose -46*k + 480 = -50*k. Let w = k - -226. What is the units digit of w?
6
Let w(o) = -8*o**2 - o + 95. Let x be 1*(-2)/(-12) + 315/54. Let r(k) = 9*k**2 + k - 94. Let c(b) = x*r(b) + 7*w(b). What is the units digit of c(0)?
1
Let a be 1/((-93)/48 - -2). Suppose 0 = -2*m + 5*s - a - 5, -2*s + 10 = 0. Suppose 0 = -m*w - 14*w + 1568. What is the units digit of w?
8
Suppose 0 = -5*n + 2*n + 1758. Let t = n + -339. Suppose 0 = 3*r - t + 1. What is the tens digit of r?
8
Let f(u) = u**2 + 7*u + 2. Let g be f(-7). Suppose 0 = -l - 3*m - 11 - 0, -4*l - g = -2*m. What is the tens digit of (-39)/l*8/2?
7
Suppose -3*r - 3*h = -r - 332, r - 184 = 3*h. Let z = r + -111. Suppose 75 = g - z. What is the units digit of g?
6
Let d be 6 + 1 + -23 + 19. Suppose -4*n - l + d*l - 1728 = 0, 2*n = 4*l - 858. Let a = 736 + n. What is the units digit of a?
3
Suppose 5*y - 2*x = 32968 + 22030, -32990 = -3*y - x. What is the tens digit of y?
9
Let a = 12232 - -2459. What is the thousands digit of a?
4
Suppose 0 = 57*b - 80*b + 261556. What is the thousands digit of b?
1
Let f(d) = 14*d + 22. Let q be f(5). Let n = q + -87. Suppose 4*b - 885 = -n*k + 2*b, -2*k + 333 = 5*b. What is the units digit of k?
9
Suppose -5*f - 507 = -537. Suppose -4*c = 20, -g - 7*c = -f*c - 18. What is the tens digit of g?
2
Let s be 2/(-6)*-6 + 2. Suppose -n + 164 + 553 = 2*q, -s*n = 3*q - 1068. What is the units digit of q?
0
Let k be 6 - (-8 + (11 - -2)). What is the units digit of ((-16)/(-12))/2*(580 - k)?
6
Let b(t) be the third derivative of t**5/60 - t**3 + t**2. Let f be b(3). Suppose -f*g + 243 = 5*j, 0 = -2*g - 2*j + 204 - 42. What is the tens digit of g?
8
Suppose 0 = -4*j - 6*j - j + 60533. What is the units digit of j?
3
Suppose 8 = k + 4, -2*r + 110 = 2*k. Let l = -52 + r. What is the units digit of 28/(-3)*l*3?
8
Let v be 10701/3*2/6. Let c = 1753 - v. What is the tens digit of c?
6
Suppose -i = -2*q - 6*i - 1, 0 = -3*q - 4*i - 5. Let l be 37 + 8/12*q. Let a = 139 - l. What is the tens digit of a?
0
Let o be (-1 - 0)*(390 + 67). Let g = 583 - o. What is the tens digit of g?
4
Let c(v) = -55*v - 2. Let z be c(1). Let t = -66 - z. Let j = 81 + t. What is the tens digit of j?
7
Suppose 145*l - 139*l = 960. Suppose -v = -w + l, 5*v = -5*w + 449 + 381. What is the hundreds digit of w?
1
Suppose 0 = 3*z - 4*z + 2. Suppose 0 = z*k + 4*d, 10 = k - 2*d - d. Let h(r) = 2*r**3 + 2*r**2 - 11*r - 3. What is the units digit of h(k)?
3
Let y = 112 + -57. Let m = y - -404. What is the tens digit of m?
5
Suppose -2*i - 2*s - 14 = 0, -i = i - 4*s - 10. Let f be 4 + i*(-1)/(-3). Let z = 87 + f. What is the tens digit of z?
9
Suppose -2*d - 5*n + 4102 = -600, -n - 7036 = -3*d. What is the units digit of d?
6
Let i be -12 + 11 - (0 + -1*7). Let z be i/8*(-7 + 1 - -14). What is the units digit of z - -18 - 4 - (2 - 0)?
8
Let u(a) = -a**3 - 8*a**2 + 15*a + 17. Let m be u(-14). Let k = -610 + m. What is the tens digit of k?
7
Let n = 5139 + -53. What is the units digit of n?
6
Let n(b) = b**3 + 6*b**2 + 3*b - 5. Let a be n(-6). Let g(s) = s**3 + 22*s**2 - 44*s + 3. What is the hundreds digit of g(a)?
4
Let w(k) = -2*k**3 - 21*k**2 - 16*k + 288. What is the tens digit of w(-19)?
2
Let f be -4 - 3 - -6 - -2064. Let l = f + -1304. What is the tens digit of l?
5
Suppose 7*t = 4*i - 12084, -3*t - 1648 - 4396 = -2*i. What is the tens digit of i?
2
Let v(f) = -14*f + 72. Let i be v(5). Suppose 5*j - 6594 = 2*t - 1837, -1914 = -2*j - i*t. What is the hundreds digit of j?
9
Let q(o) = -6606*o - 2131. What is the thousands digit of q(-7)?
4
Suppose 3*c - 2*a - 812 = c, 1624 = 4*c - 5*a. Suppose 0 = 2*q - 2*u - 284, -3*u - 158 = -4*q + c. What is the hundreds digit of q?
1
Suppose 20 - 165 = -p. Suppose 5*j - p = 5*v, 0*v - 4*v = 3*j - 94. Let b = 73 - j. What is the units digit of b?
3
Suppose 29*f = 15*f + 15*f. Suppose -5*y + y + 3232 = f. Suppose 0 = 5*b - x - y - 623, 3*b + x = 865. What is the hundreds digit of b?
2
Let o = -298 - -601. Let r = 162 + -159. Suppose 2*z + 4*q - 473 = -3*z, r*z - o = 4*q. What is the units digit of z?
7
Suppose 7922666 + 7585108 = 243*w. What is the ten thousands digit of w?
6
What is the thousands digit of -79735*(22/(-60) - (-18)/108)?
5
Let w(o) = -2312*o - 473. What is the ten thousands digit of w(-6)?
1
Let q(p) = 1 - 9*p - 4*p**3 + 4*p**2 + 1 - p - 21*p**2. Let n(v) = 5*v**3 + 18*v**2 + 11*v - 3. Let w(i) = -3*n(i) - 4*q(i). What is the tens digit of w(-13)?
7
Suppose 4*b - 4*k - 4608 = 820, 0 = -4*b + 3*k + 5430. Suppose 14*d + b = 23*d. What is the tens digit of d?
5
Let n be (0/3)/(-9 + 11). Suppose l - 3462 = -5*u, u - 5*l = -n*u + 682. What is the units digit of u?
2
Let z(v) = v**3 - 12*v**2 + 29*v + 2. Let y be z(10). What is the tens digit of 461 - (8/y - 226/(-46))?
5
Let v = 664 - 659. Let a(i) = 246*i + 56. What is the tens digit of a(v)?
8
Let b = 18774 - 9154. What is the hundreds digit of b?
6
Let x(q) = 42283*q**2 + 4*q - 2. What is the hundreds digit of x(1)?
2
Let o(l) = 32*l**2 - 10*l - 138. Let j be o(-8). Suppose 44*c = 54*c - j. What is the hundreds digit of c?
1
Suppose 5*h + 0*f = -2*f + 266, 4*f = h - 40. Let m = -56 + h. What is the units digit of 1/(m + 173/43)?
3
Let k = -21 - -1. Let c be (k/(-6) + -2)*(-15)/2. Let g(p) = p**2 + 3*p - 13. What is the units digit of g(c)?
7
Let w be -4 + (-18)/(-3) + -3 + 1. Suppose -l + 68 = 2*h, -h + w*l = 4*l - 48. Suppose -122 = -y - h. What is the units digit of y?
0
Suppose -208 = -9*d - 172. Suppose -2*h - 4470 = -5*j, -10*h = -d*j - 5*h + 3593. What is the tens digit of j?
9
Suppose -4*c + 1641 + 3563 = 0. Let h = c + -379. What is the tens digit of h?
2
Suppose -7*n + 5*l = -5*n - 8267, -2*n = -3*l - 8277. Suppose -23*s + 17*s + n = 0. What is the tens digit of s?
9
Let w(i) = -146*i**3 - 4*i**2 +